 be z(8). What is the highest common divisor of 16 and m?
16
Let j be 11/(-33) - ((-4060)/3 + 0). What is the highest common factor of 33 and j?
33
Let q be -6 + (70 - (5 - 5)). What is the greatest common factor of q and 832?
64
Suppose 0 = -7*k + 4*k - 5*c - 8, 2*k + 2*c = 0. Let w be ((-13)/k)/((-1)/4). Let r = 123 - 19. What is the highest common factor of r and w?
13
Let m = -88 + 97. Let o(y) = -y**3 - 6*y**2 + 6*y - 3. Let c be o(-7). Suppose 1 = -a - c*u - 10, -5*u = -a + 34. What is the highest common factor of a and m?
9
Suppose 0 = 271*d - 265*d - 90. Calculate the greatest common divisor of d and 54.
3
Suppose 8*i + 106 - 466 = 0. Suppose -i = -2*d + 87. Suppose -328 = -4*w + 332. What is the greatest common divisor of d and w?
33
Let z be (-2)/(-6)*(1 + 2). Let d(m) = 3*m**3. Let n be d(z). Suppose 0 = -2*i + 1 + 5. What is the greatest common factor of i and n?
3
Let n = 13 + -13. Suppose n*u = 3*u - 18. What is the greatest common divisor of 2 and u?
2
Suppose 2*k = -168 + 3312. What is the greatest common divisor of 24 and k?
12
Suppose 3*l + l + 2*j = 58, 2*l - 2*j = 38. Let z = -270 + 446. Calculate the greatest common divisor of l and z.
16
Suppose 5*j = 5*r - 275, -3*r - 2*j + 105 = -65. Let q = -16 + r. What is the highest common factor of 10 and q?
10
Let k be 4/(-10) + ((-22)/(-5) - 4). Suppose 0*u = 3*t + 2*u - 94, t - 3*u - 13 = k. What is the highest common divisor of 252 and t?
28
Suppose x - 35 = 3*t - 87, 0 = -5*t - 2*x + 72. What is the highest common factor of t and 1336?
8
Let q be 0 - 54/(1*-2). Suppose -h - 3*h = 0. Suppose h = -2*k + 5*i + 26, 3*k = -3*i + 5*i + 50. What is the greatest common divisor of q and k?
9
Suppose 0 = 4*b, -3*d + 0*d - 3*b = -54. Calculate the greatest common factor of d and 54.
18
Suppose -f - 2*f + 131 = -v, 0 = -v + 1. Let a = 17 + -27. Let x = f + a. What is the greatest common factor of x and 85?
17
Suppose 4*j - 2455 = -5*o, -3*o = 2*j - 566 - 661. What is the greatest common divisor of 45 and j?
15
Suppose -w + 1 = -1. Let i(z) be the second derivative of 7*z**4/3 + z**3/6 - z**2 + 2*z. Let p be i(w). Calculate the highest common factor of p and 16.
16
Let w = -924 - -1375. Calculate the highest common divisor of 22 and w.
11
Suppose 5*g - 234 = 201. Suppose 5*u + 27 = g. Let r be ((-28)/(-21))/((-2)/(-144)). Calculate the greatest common factor of u and r.
12
Let k be 84/10*150/6. Calculate the highest common divisor of k and 231.
21
Let r be (-20)/1*150/(-160)*4. What is the greatest common divisor of 825 and r?
75
Let g(a) = -a**3 - 5*a**2 + 4*a - 7. Let n be g(-6). Let b = 9 - n. Suppose 3*j + 3 = c, -86 = -b*c + j - 19. Calculate the greatest common factor of 144 and c.
18
Suppose -12 = -3*y - 2*g, 4*g - 7 = 4*y - 3. Let x(l) = -2 - 2*l + 8*l**2 + y*l - 2*l - 2*l**3. Let j be x(3). What is the greatest common factor of j and 110?
10
Let h(z) = -22*z - 3. Let a be h(-3). Let r be (-2 - -1 - -2) + 2. Suppose 5*q + r*q = 168. What is the greatest common divisor of a and q?
21
Let h = -21 + 33. Let r be 16/h - 2/6. Let i be r - 95/(-4 - 1). What is the highest common factor of i and 10?
10
Suppose 4*i = 5*i - 7. Let a(j) = j**3 - 6*j**2 - 7*j + 9. Let f be a(7). Let c = i + f. What is the highest common factor of 24 and c?
8
Let o(j) = 2*j**2 + 4*j - 4. Let t be o(2). Let f be (((-225)/t)/(-3))/((-1)/(-36)). Calculate the greatest common divisor of f and 45.
45
Let l be 3/(2*(-9)/348). Let c = -28 - l. What is the highest common divisor of 330 and c?
30
Let r(s) = 3 + 3*s**2 - 8*s + 4 - 2*s**2 - 25. Let g be r(10). Calculate the greatest common divisor of 6 and g.
2
Suppose 1644 = -2*o + 1666. Calculate the greatest common factor of 473 and o.
11
Let s be (-186)/(-248) + 4287/12. Calculate the greatest common factor of s and 2.
2
Let w(k) = -3*k + 3. Let y be w(-1). What is the greatest common divisor of 132 and y?
6
Let d(t) = -t**3 + 7*t**2 + 4*t - 42. Let b be d(6). Calculate the highest common divisor of 63 and b.
9
Suppose -s + 4*c - 18 = 3, 0 = 3*c - 15. Let z be (5/15)/(s/(-18)). Suppose 4*p - 2*p - z = 0. What is the highest common divisor of p and 3?
3
Suppose -b = -0*b - 1. Let f be 8/(-60) + (b - 694/(-30)). What is the greatest common divisor of f and 12?
12
Suppose 8*t - 1249 = -473. Suppose 5*o - t = 28. What is the greatest common factor of o and 25?
25
Let x be 9 - (-10 + 17/1). What is the highest common divisor of x and 544?
2
Suppose i + w = 24, -2*w - 54 = -2*i - 6. Suppose -6*v - i = -10*v. Calculate the greatest common divisor of v and 9.
3
Let k be 3/(((-2)/(-3))/2). Let t(d) = -32*d**2 - 1 + 10*d + 32*d**2 + 10*d**2 - d**3. Let n be t(k). Calculate the highest common factor of 68 and n.
34
Suppose 2*n - 2*y - y = 489, 3*n + 5*y - 724 = 0. Calculate the highest common divisor of 162 and n.
81
Let p(v) = 15*v - 8. Let d be p(4). Suppose -4*h + 2*h = -d. Let y = -9 + h. What is the highest common factor of 17 and y?
17
Suppose -5*b + 15 = 4*a - 56, -2*b = -6. What is the greatest common divisor of 16 and a?
2
Let u = 28 + -27. Let f(h) = u - 4*h + h**2 + 0 + 6*h - 33*h**3. Let j be f(-1). What is the greatest common divisor of j and 3?
3
Let j = -1664 - -1752. What is the highest common factor of 396 and j?
44
Suppose 0 = -3*g - 5*g + 6*g. Suppose 5*s - 155 = -3*t, -t + 5*s + 25 = -g*t. Calculate the highest common factor of t and 9.
9
Let c be ((-8)/(-20))/(24/(-135))*-8. Let q(f) = -3*f**3 - 4*f**2 - 2*f + 1. Let l be q(-2). Let h = l + -10. Calculate the highest common factor of h and c.
3
Let p(y) = 18*y**2 - 6*y + 8. Let b(u) = 17*u**2 - 7*u + 8. Let m(n) = -2*b(n) + 3*p(n). Let r be m(3). Calculate the greatest common factor of 16 and r.
16
Suppose v + 0*v = -2*l + 169, -2*v = 5*l - 421. What is the highest common divisor of l and 747?
83
Let l be (-2 - -1)*7*-11. Calculate the highest common factor of 847 and l.
77
Let d be (-6)/10*100/(-15). What is the greatest common divisor of d and 76?
4
Suppose -32*y = -6*y - 32422. What is the highest common divisor of 129 and y?
43
Suppose -90*j + 72*j + 162 = 0. Calculate the highest common divisor of 153 and j.
9
Let n(k) = 43*k**2 + 19*k. Let p be n(-8). Calculate the greatest common divisor of p and 50.
50
Let v be ((-23)/3 + 7)*-3. Let s(j) = j**3 - 2*j**2 + 2*j - 1. Let f be s(2). Suppose 5*r - v = f. Calculate the highest common factor of r and 4.
1
Suppose 3*s - s + 3*v - 149 = 0, -362 = -5*s - 4*v. Suppose -4*u + 32 = -8. What is the greatest common factor of u and s?
10
Let a be (-145)/(1/(-1)) - -2. Suppose -26*p + 1343 = 69. What is the highest common divisor of p and a?
49
Let a(t) = -149*t + 2. Let z be a(2). Let f = z - -422. Suppose -5*x - 2*p + 26 + 54 = 0, 4*p + 38 = x. Calculate the highest common divisor of f and x.
18
Let t be 438/27 - (-2)/(-9). Let u = -35 + 166. Suppose -4*h + 132 = 3*j, -h + u + 72 = 5*j. Calculate the highest common divisor of t and j.
8
Let b(y) = y**3 - 2*y - 42. Let m be b(0). Let t = -22 - m. Calculate the greatest common factor of 5 and t.
5
Suppose 4*q = 5*v - 400, -33 = 4*q + 5*v + 407. Let i = -33 - q. Calculate the highest common factor of 9 and i.
9
Let x(d) = d**3 - d**2 + 3*d - 2. Let q be x(2). Let b be 90/180 - (33/(-2) - 1). Let a = b - q. Calculate the greatest common factor of 15 and a.
5
Suppose -3*k - 19*d = -16*d - 1317, 3*k = 4*d + 1324. Calculate the greatest common divisor of 165 and k.
55
Let u = -23 - -50. Let q(g) = -3*g + 48. Let c be q(7). Calculate the greatest common factor of u and c.
27
Let n = 299 + -152. Calculate the greatest common factor of 63 and n.
21
Suppose 161 = 14*k - 63. Calculate the greatest common divisor of k and 36.
4
Let h = -3 - -3. Suppose h*z + 180 = 2*l + 2*z, z = 5*l - 468. What is the greatest common divisor of l and 62?
31
Suppose -4*l = 5*n + 308, -n - 76 = -0*l + l. Let i = l + 108. Calculate the highest common divisor of 4 and i.
4
Let w(n) = 20*n**2 + n. Let r be w(1). Let h(l) = l**3 - 3*l**2 - 12*l + 168. Let d be h(0). Calculate the greatest common divisor of d and r.
21
Suppose -4*n = -5*p - 379, 0 = -0*n - n - 2*p + 98. What is the greatest common factor of n and 24?
24
Suppose 3*r + 2*x - 112 = -r, 5*r - 2*x - 140 = 0. Let p = 1485 - 1373. Calculate the greatest common factor of p and r.
28
Let